y 354.
32
What is the remainder when 257 is divided by 8?
1
Calculate the remainder when 2580 is divided by 689.
513
Calculate the remainder when 21177 is divided by 1670.
1137
Calculate the remainder when 5456 is divided by 2689.
78
Calculate the remainder when 20651 is divided by 1086.
17
Calculate the remainder when 7097 is divided by 2272.
281
Calculate the remainder when 6771 is divided by 6409.
362
Calculate the remainder when 12143 is divided by 9.
2
What is the remainder when 3641 is divided by 909?
5
Calculate the remainder when 898196 is divided by 20.
16
What is the remainder when 957243 is divided by 1457?
1451
What is the remainder when 2150406 is divided by 248?
246
What is the remainder when 7906 is divided by 532?
458
Calculate the remainder when 2741 is divided by 80.
21
Calculate the remainder when 67804 is divided by 12.
4
Calculate the remainder when 1478 is divided by 716.
46
Calculate the remainder when 4782 is divided by 114.
108
Calculate the remainder when 3298 is divided by 248.
74
Calculate the remainder when 3388 is divided by 156.
112
Calculate the remainder when 9737 is divided by 1326.
455
Calculate the remainder when 3264 is divided by 2783.
481
Calculate the remainder when 224486 is divided by 29.
26
Calculate the remainder when 867 is divided by 253.
108
What is the remainder when 65066 is divided by 2310?
386
Calculate the remainder when 6992 is divided by 889.
769
What is the remainder when 1419 is divided by 35?
19
What is the remainder when 15628 is divided by 3123?
13
Calculate the remainder when 32245 is divided by 4030.
5
What is the remainder when 15546 is divided by 14?
6
What is the remainder when 114476 is divided by 259?
257
What is the remainder when 9460 is divided by 17?
8
What is the remainder when 250007 is divided by 12?
11
What is the remainder when 2076 is divided by 93?
30
What is the remainder when 17651 is divided by 7?
4
What is the remainder when 8033 is divided by 84?
53
Calculate the remainder when 160458 is divided by 80198.
62
Calculate the remainder when 12098 is divided by 26.
8
Calculate the remainder when 198948 is divided by 51.
48
What is the remainder when 429864 is divided by 71641?
18
What is the remainder when 139803 is divided by 13980?
3
What is the remainder when 1310178 is divided by 109?
107
What is the remainder when 1307970 is divided by 435988?
6
Calculate the remainder when 160447 is divided by 368.
367
What is the remainder when 76902 is divided by 116?
110
What is the remainder when 8466 is divided by 2813?
27
Calculate the remainder when 7009 is divided by 6955.
54
Calculate the remainder when 61947 is divided by 1936.
1931
Calculate the remainder when 945 is divided by 78.
9
Calculate the remainder when 8926 is divided by 175.
1
What is the remainder when 10304 is divided by 312?
8
What is the remainder when 181212 is divided by 45296?
28
What is the remainder when 38636 is divided by 168?
164
What is the remainder when 2907 is divided by 167?
68
What is the remainder when 9985 is divided by 2?
1
Calculate the remainder when 58347 is divided by 23.
19
Calculate the remainder when 356797 is divided by 80.
77
Calculate the remainder when 21165 is divided by 449.
62
What is the remainder when 4029 is divided by 47?
34
What is the remainder when 91975 is divided by 49?
2
What is the remainder when 1274 is divided by 406?
56
Calculate the remainder when 2919 is divided by 666.
255
What is the remainder when 12392 is divided by 288?
8
Calculate the remainder when 766 is divided by 547.
219
Calculate the remainder when 8195 is divided by 81.
14
Calculate the remainder when 8014 is divided by 4000.
14
Calculate the remainder when 400 is divided by 66.
4
What is the remainder when 1137139 is divided by 30?
19
Calculate the remainder when 9228 is divided by 1682.
818
What is the remainder when 6765 is divided by 645?
315
Calculate the remainder when 991850 is divided by 239.
0
Calculate the remainder when 20575 is divided by 83.
74
What is the remainder when 46751 is divided by 46722?
29
Calculate the remainder when 97375 is divided by 32450.
25
Calculate the remainder when 2752 is divided by 1320.
112
What is the remainder when 490143 is divided by 29?
14
What is the remainder when 2792 is divided by 342?
56
What is the remainder when 3983 is divided by 624?
239
What is the remainder when 451 is divided by 57?
52
Calculate the remainder when 117658 is divided by 370.
368
What is the remainder when 8777 is divided by 107?
3
Calculate the remainder when 697759 is divided by 49.
48
What is the remainder when 6676 is divided by 35?
26
Calculate the remainder when 47432 is divided by 192.
8
What is the remainder when 46305 is divided by 140?
105
What is the remainder when 11028 is divided by 140?
108
Calculate the remainder when 147200 is divided by 634.
112
What is the remainder when 1830 is divided by 648?
534
Calculate the remainder when 1165 is divided by 1148.
17
Calculate the remainder when 10380 is divided by 77.
62
Calculate the remainder when 12124 is divided by 527.
3
Calculate the remainder when 141675 is divided by 18.
15
Calculate the remainder when 2623 is divided by 610.
183
What is the remainder when 153743 is divided by 312?
239
Calculate the remainder when 1372 is divided by 991.
381
What is the remainder when 7859 is divided by 466?
403
Calculate the remainder when 7272 is divided by 716.
112
Calculate the remainder when 30286 is divided by 26.
22
Calculate the remainder when 571321 is divided by 95.
86
What is the remainder when 6741 is divided by 6619?
122
Calculate the remainder when 5501 is divided by 184.
165
Calculate the remainder when 849 is divided by 125.
99
Calculate the remainder when 46329 is divided by 33.
30
Calculate the remainder when 26463 is divided by 32.
31
What is the remainder when 728 is divided by 360?
8
What is the remainder when 10178 is divided by 10?
8
Calculate the remainder when 48179 is divided by 18.
11
Calculate the remainder when 11258 is divided by 2694.
482
What is the remainder when 581138 is divided by 35?
33
What is the remainder when 8974 is divided by 374?
372
Calculate the remainder when 3142 is divided by 524.
522
What is the remainder when 652136 is divided by 43?
41
Calculate the remainder when 3694 is divided by 26.
2
Calculate the remainder when 258345 is divided by 552.
9
What is the remainder when 4497 is divided by 1380?
357
What is the remainder when 4088 is divided by 40?
8
Calculate the remainder when 1089 is divided by 10.
9
Calculate the remainder when 12179 is divided by 3043.
7
What is the remainder when 31207 is divided by 470?
187
Calculate the remainder when 55596 is divided by 152.
116
Calculate the remainder when 1850483 is divided by 616825.
8
What is the remainder when 40860 is divided by 13591?
87
Calculate the remainder when 123324 is divided by 1666.
40
Calculate the remainder when 17952 is divided by 191.
189
What is the remainder when 20997 is divided by 2385?
1917
What is the remainder when 6209 is divided by 2908?
393
Calculate the remainder when 12772 is divided by 68.
56
Calculate the remainder when 96186 is divided by 64.
58
Calculate the remainder when 967460 is divided by 73.
64
Calculate the remainder when 197076 is divided by 37.
14
Calculate the remainder when 5171 is divided by 2507.
157
Calculate the remainder when 9269 is divided by 4.
1
What is the remainder when 1067218 is divided by 2305?
3
Calculate the remainder when 56903 is divided by 153.
140
Calculate the remainder when 401297 is divided by 13376.
17
What is the remainder when 306970 is divided by 114?
82
Calculate the remainder when 2518 is divided by 210.
208
Calculate the remainder when 1558 is divided by 268.
218
Calculate the remainder when 16997 is divided by 233.
221
What is the remainder when 15196 is divided by 2062?
762
Calculate the remainder when 101712 is divided by 37.
36
Calculate the remainder when 7998 is divided by 795.
48
What is the remainder when 47252 is divided by 185?
77
What is the remainder when 45422 is divided by 987?
20
What is the remainder when 3550 is divided by 611?
495
Calculate the remainder when 9057 is divided by 2247.
69
What is the remainder when 19555 is divided by 73?
